2?
42
Calculate the highest common divisor of 136 and 25752484.
68
Calculate the greatest common divisor of 17676045 and 30.
15
What is the highest common divisor of 36 and 30788556?
12
Calculate the highest common factor of 299801 and 157281.
509
What is the greatest common factor of 189321 and 11220?
33
What is the greatest common divisor of 11482037 and 644?
161
Calculate the greatest common divisor of 171 and 81045507.
57
What is the highest common factor of 12 and 41771892?
12
What is the greatest common factor of 3265 and 86429774?
653
What is the highest common factor of 1691186265 and 170?
85
What is the highest common factor of 7028610 and 75?
15
Calculate the greatest common factor of 962845380 and 12068.
12068
Calculate the greatest common factor of 21 and 282128259.
21
What is the highest common factor of 347978 and 214?
2
What is the highest common factor of 32 and 102730?
2
Calculate the greatest common divisor of 9 and 13517316.
9
What is the highest common factor of 848 and 154587856?
848
What is the greatest common factor of 278307 and 353421?
963
What is the greatest common factor of 1087260 and 72?
12
Calculate the greatest common factor of 30765 and 9227449.
2051
Calculate the greatest common divisor of 569125 and 460375.
3625
What is the greatest common divisor of 279892 and 3364?
4
What is the greatest common divisor of 141530018 and 14?
14
What is the greatest common factor of 153941496 and 5472?
456
Calculate the highest common factor of 570 and 23719110.
30
Calculate the highest common factor of 1001 and 2246673.
143
Calculate the highest common divisor of 184929775 and 1150.
575
Calculate the highest common factor of 302018066 and 21.
7
What is the greatest common divisor of 832 and 78761392?
16
What is the greatest common factor of 476296 and 2291?
29
What is the greatest common divisor of 45 and 25501779?
9
What is the highest common divisor of 29260597 and 182621?
5891
Calculate the highest common factor of 1078186312 and 1778.
1778
Calculate the greatest common factor of 80797587 and 117.
39
Calculate the greatest common factor of 41054598 and 468.
234
What is the greatest common factor of 116630 and 395?
5
What is the greatest common divisor of 27454 and 9199051?
1961
Calculate the greatest common divisor of 7877694 and 330.
66
Calculate the highest common factor of 418855 and 3705.
95
Calculate the greatest common factor of 2760 and 1367880.
120
What is the highest common factor of 544 and 19476084?
68
Calculate the highest common divisor of 222748 and 233.
233
What is the greatest common factor of 152041762 and 1558?
38
Calculate the greatest common divisor of 620572392 and 7380.
1476
What is the greatest common factor of 2175936266 and 14?
14
Calculate the highest common factor of 88920744 and 33.
33
What is the highest common factor of 2735 and 2760709?
547
Calculate the highest common factor of 4926239 and 8989.
89
Calculate the highest common factor of 1238093 and 42393.
1087
Calculate the highest common factor of 108 and 1956492.
36
What is the greatest common factor of 89116699 and 14?
7
What is the greatest common factor of 50063 and 10790?
13
Calculate the greatest common divisor of 25056031 and 154.
77
What is the highest common divisor of 91808013 and 891?
33
Calculate the highest common divisor of 74100 and 817000.
1900
What is the greatest common factor of 72884 and 1148?
28
What is the greatest common divisor of 156299066 and 8514?
946
What is the highest common divisor of 3210 and 71927005?
535
Calculate the greatest common divisor of 219558 and 3096.
258
Calculate the highest common factor of 48230 and 49340.
10
Calculate the greatest common factor of 348 and 9963501.
87
Calculate the highest common factor of 184875 and 120495.
435
Calculate the highest common factor of 108 and 88592922.
18
What is the highest common divisor of 52693 and 3276051?
1817
Calculate the greatest common factor of 7002 and 15142214.
778
Calculate the greatest common divisor of 2421264 and 33507.
219
What is the highest common factor of 1805 and 775865?
95
What is the highest common factor of 2362 and 2582847?
1181
Calculate the highest common factor of 588 and 34285692.
588
What is the greatest common divisor of 5 and 2055890?
5
Calculate the greatest common divisor of 6614 and 105298187.
3307
What is the greatest common divisor of 259160 and 21244641?
6479
Calculate the highest common factor of 1845496 and 69344.
1576
Calculate the greatest common divisor of 11816 and 10743698.
2954
What is the greatest common divisor of 208 and 877409?
13
What is the highest common divisor of 354 and 6597321?
177
Calculate the greatest common divisor of 1850 and 24320950.
50
What is the greatest common factor of 316 and 1184990046?
158
Calculate the greatest common divisor of 16819458 and 15769.
1213
What is the highest common factor of 96708 and 7188?
12
Calculate the greatest common divisor of 28 and 288002428.
28
Calculate the greatest common factor of 8559485 and 50.
5
What is the greatest common divisor of 24 and 46581944?
8
Calculate the greatest common factor of 322764 and 1084044.
156
Calculate the highest common divisor of 88465 and 16705.
65
Calculate the greatest common divisor of 202 and 726542.
2
Calculate the highest common factor of 131864 and 17384.
424
Calculate the greatest common divisor of 124795 and 5555.
55
What is the greatest common divisor of 6302284 and 8148?
388
Calculate the highest common factor of 80178 and 29778.
42
Calculate the highest common divisor of 36336 and 567056.
16
Calculate the highest common factor of 209474328 and 16512.
1032
What is the greatest common divisor of 6077 and 1357?
59
Calculate the highest common divisor of 40 and 4917890.
10
What is the highest common divisor of 3575 and 844325?
25
What is the greatest common factor of 118501 and 43195?
163
What is the greatest common factor of 113865866 and 94?
94
What is the highest common factor of 64368 and 16624824?
3576
Calculate the greatest common divisor of 548 and 26748017.
137
What is the greatest common divisor of 344157 and 59334?
33
What is the greatest common factor of 107828 and 128?
4
Calculate the greatest common divisor of 1666 and 69683.
17
Calculate the greatest common factor of 11635 and 16424145.
895
What is the highest common factor of 18470 and 134773743?
1847
Calculate the greatest common factor of 201 and 504775119.
201
Calculate the greatest common factor of 2425582 and 485.
97
What is the highest common divisor of 84 and 33643407?
21
What is the highest common factor of 4695335 and 1863?
23
What is the highest common factor of 330149379 and 4431?
4431
Calculate the greatest common factor of 25568830 and 2460.
410
What is the greatest common divisor of 6274 and 156169271?
3137
What is the greatest common divisor of 16513 and 557398?
337
Calculate the greatest common factor of 2096 and 201616.
16
Calculate the highest common factor of 1421 and 4851497.
203
Calculate the highest common divisor of 168636 and 39936.
156
What is the highest common factor of 52490232 and 29?
29
Calculate the greatest common divisor of 688974 and 1210.
242
What is the highest common factor of 280060 and 474905?
95
Calculate the highest common divisor of 33 and 22663278.
33
Calculate the greatest common divisor of 72488258 and 1.
1
What is the greatest common factor of 117 and 960543?
9
Calculate the greatest common divisor of 250 and 150861500.
250
Calculate the highest common factor of 17 and 412506581.
17
What is the highest common divisor of 466419509 and 2474?
1237
What is the highest common factor of 28600 and 627880?
440
Calculate the highest common factor of 3857 and 187169.
19
Calculate the highest common factor of 54748180 and 15.
5
What is the greatest common factor of 79 and 5488525?
79
What is the highest common factor of 453058 and 135034?
1262
What is the greatest common factor of 298812024 and 63?
63
Calculate the highest common divisor of 10714891 and 2233.
319
Calculate the highest common factor of 8283 and 2300040006.
8283
Calculate the highest common factor of 1379 and 797.
1
What is the greatest common factor of 202 and 97661849?
101
Calculate the greatest common factor of 69305 and 41500.
415
What is the greatest